 of 8478?
True
Is 552 a multiple of 8?
True
Is 76 a factor of 1158?
False
Does 24 divide 6706?
False
Is 784 a multiple of 7?
True
Does 7 divide 4431?
True
Is 85 a multiple of 52?
False
Is 3 a factor of 141?
True
Is 6825 a multiple of 25?
True
Is 59 a factor of 28421?
False
Is 5 a factor of 90?
True
Is 135 a multiple of 27?
True
Does 5 divide 894?
False
Is 14 even?
True
Is 2 a factor of 1189?
False
Is 24904 a multiple of 11?
True
Is 1019 a multiple of 6?
False
Does 8 divide 548?
False
Does 21 divide 189?
True
Does 11 divide 1539?
False
Is 235 a multiple of 18?
False
Is 5472 a multiple of 8?
True
Is 19 a factor of 9082?
True
Does 59 divide 354?
True
Is 45225 a multiple of 45?
True
Does 17 divide 64889?
True
Is 175603 a multiple of 42?
False
Does 15 divide 2415?
True
Is 4730 a multiple of 10?
True
Is 135 a multiple of 9?
True
Does 35 divide 7385?
True
Is 29 a factor of 488?
False
Is 543 a multiple of 41?
False
Is 15914 a multiple of 73?
True
Is 30 a factor of 2924?
False
Is 8 a factor of 57?
False
Is 14 a factor of 8458?
False
Is 71 a factor of 4287?
False
Is 1074 a multiple of 7?
False
Does 62 divide 2688?
False
Is 493 a multiple of 17?
True
Is 322 a multiple of 23?
True
Does 6 divide 10?
False
Is 66 a factor of 2940?
False
Is 65 a factor of 2658?
False
Is 46 a factor of 6867?
False
Is 2 a factor of 2955?
False
Does 12 divide 1704?
True
Is 17490 a multiple of 33?
True
Is 40624 a multiple of 221?
False
Does 12 divide 2378?
False
Is 31 a factor of 279?
True
Is 7890 a multiple of 5?
True
Is 36 a multiple of 36?
True
Is 21 a factor of 5376?
True
Does 12 divide 3690?
False
Is 14 a factor of 473?
False
Is 101 a factor of 2785?
False
Does 20 divide 20280?
True
Does 53 divide 15529?
True
Does 19 divide 14153?
False
Is 32 a factor of 5284?
False
Is 16200 a multiple of 45?
True
Does 18 divide 124?
False
Is 8 a factor of 183?
False
Is 1952 a multiple of 8?
True
Does 11 divide 4356?
True
Is 2124 a multiple of 6?
True
Is 79 a factor of 21093?
True
Does 5 divide 550?
True
Is 16093 a multiple of 79?
False
Does 28 divide 6664?
True
Is 290 a factor of 4930?
True
Is 6318 a multiple of 24?
False
Is 840 a multiple of 12?
True
Is 15 a factor of 2010?
True
Is 8 a factor of 3224?
True
Is 13 a factor of 175?
False
Is 17 a factor of 447?
False
Is 1973 a multiple of 33?
False
Does 66 divide 23264?
False
Is 5 a factor of 189?
False
Does 92 divide 1288?
True
Is 49 a factor of 4655?
True
Is 1175 a multiple of 61?
False
Is 16 a factor of 2832?
True
Is 488 a multiple of 9?
False
Is 11 a factor of 3894?
True
Is 1023 a multiple of 31?
True
Does 21 divide 3419?
False
Is 1415 a multiple of 75?
False
Is 167252 a multiple of 228?
False
Does 84 divide 11687?
False
Is 13 a factor of 23127?
True
Is 235 a multiple of 7?
False
Is 878 a multiple of 35?
False
Does 6 divide 564?
True
Is 32 a factor of 11136?
True
Does 45 divide 49836?
False
Is 962 a multiple of 37?
True
Does 27 divide 297?
True
Is 501 a multiple of 2?
False
Is 70 a multiple of 7?
True
Is 725 a multiple of 20?
False
Is 523 a multiple of 2?
False
Is 5415 a multiple of 145?
False
Is 110 a factor of 17600?
True
Is 33 a factor of 3894?
True
Is 814 a multiple of 37?
True
Is 1150 a multiple of 50?
True
Does 22 divide 1716?
True
Does 30 divide 180?
True
Does 63 divide 31370?
False
Is 87 a factor of 13370?
False
Is 121 a factor of 5203?
True
Does 40 divide 969?
False
Does 32 divide 3200?
True
Does 11 divide 52?
False
Is 400 a multiple of 16?
True
Does 3 divide 77?
False
Does 34 divide 204?
True
Is 20438 a multiple of 15?
False
Does 78 divide 13026?
True
Is 19 a factor of 27949?
True
Is 48462 a multiple of 26?
False
Does 32 divide 16730?
False
Is 24 a factor of 3862?
False
Is 34 a factor of 1394?
True
Is 10 a factor of 180?
True
Is 10700 a multiple of 6?
False
Is 456 a multiple of 44?
False
Does 60 divide 1020?
True
Is 17 a factor of 46529?
True
Is 70 a factor of 1820?
True
Is 19 a factor of 17036?
False
Is 1111 a multiple of 22?
False
Is 142 a factor of 9492?
False
Is 12 a factor of 4248?
True
Does 21 divide 18375?
True
Does 23 divide 10166?
True
Does 8 divide 11944?
True
Is 17614 a multiple of 89?
False
Is 4617 a multiple of 71?
False
Does 28 divide 716?
False
Does 24 divide 1320?
True
Is 12 a factor of 600?
True
Is 15 a factor of 2418?
False
Does 91 divide 22477?
True
Does 13 divide 1967?
False
Is 10 a factor of 106213?
False
Does 287 divide 26773?
False
Does 49 divide 7913?
False
Is 73 a factor of 9417?
True
Does 122 divide 5605?
False
Is 8775 a multiple of 13?
True
Is 918 a multiple of 27?
True
Is 928 a multiple of 58?
True
Is 128 a factor of 12032?
True
Is 29233 a multiple of 14?
False
Is 67 a factor of 2539?
False
Does 7 divide 56?
True
Does 85 divide 1275?
True
Does 78 divide 17161?
False
Is 3800 a multiple of 10?
True
Is 44 a factor of 1491?
False
Does 11 divide 91366?
True
Does 21 divide 1386?
True
Is 29 a factor of 75516?
True
Does 3 divide 1146?
True
Does 70 divide 2179?
False
Does 23 divide 460?
True
Is 10 a factor of 1371?
False
Does 13 divide 1355?
False
Does 53 divide 192?
False
Does 61 divide 10697?
False
Does 8 divide 24?
True
Is 127 a factor of 3556?
True
Is 230 a multiple of 10?
True
Is 4 a factor of 121?
False
Does 89 divide 801?
True
Does 95 divide 4465?
True
Is 2119 a multiple of 3?
False
Is 17072 a multiple of 74?
False
Is 7 a factor of 4768?
False
Is 14 a factor of 6776?
True
Is 5 a factor of 1210?
True
Does 42 divide 4494?
True
Does 13 divide 29523?
True
Does 16 divide 22546?
False
Is 735 a multiple of 5?
True
Is 2412 a multiple of 6?
True
Is 3905 a multiple of 22?
False
Is 41586 a multiple of 41?
False
Is 5 a factor of 524?
False
Is 22 a factor of 369?
False
Does 18 divide 450?
True
Is 22 a factor of 11066?
True
Is 1760 a multiple of 32?
True
Is 89 a factor of 3827?
True
Is 5240 a multiple of 131?
True
Does 35 divide 5754?
False
Is 45 a factor of 196?
False
Does 45 divide 1665?
True
Is 258 a multiple of 9?
False
Is 28602 a multiple of 143?
False
Is 701 a multiple of 42?
False
Does 42 divide 294?
True
Does 8 divide 728?
True
Is 5 a factor of 1461?
False
Is 2502 a multiple of 56?
False
Is 468 a multiple of 36?
True
Is 218 a multiple of 5?
False
Is 80 a factor of 10467?
False
Is 11 a factor of 10039?
False
Is 58 a multiple of 6?
False
Is 36 a factor of 1265?
False
Is 60 a multiple of 4?
True
Is 4536 a multiple of 36?
True
Is 3 a factor of 516?
True
Does 12 divide 57187?
False
Does 2 divide 6915?
False
Is 8688 a multiple of 30?
False
Does 11 divide 5258?
True
Does 117 divide 98163?
True
Is 77 a multiple of 77?
True
Is 16088 a multiple of 13?
False
Is 60 a factor of 1920?
True
Does 27 divide 34842?
False
Does 27 divide 18527?
False
Does 81 divide 16417?
False
Does 12 divide 33084?
True
Is 663 a multiple of 39?
True
Is 3 a factor of 13266?
True
Is 139 a factor of 13925?
False
Is 61 a factor of 48495?
True
Is 2288 a multiple of 16?
True
Is 7 a factor of 6461?
True
Does 117 divide 9380?
False
Is 5364 a multiple of 36?
True
Is 259 a multiple of 45?
False
Does 27 divide 2960?
False
Is 29 a factor of 21170?
True
Is 154 a multiple of 11?
True
Is 16 a factor of 215?
False
Is 248 a multiple of 31?
True
Is 17572 a multiple of 23?
True
Does 22 divide 30426?
True
Is 116135 a multiple of 235?
False
Is 50 a multiple of 2?
True
Does 2 divide 1411?
False
Does 13 divide 341?
False
Is 200 a multiple of 6?
False
Is 336 a multiple of 12?
True
Does 5 divide 2863?
False
Is 1062 even?
True
Is 2 a factor of 5471?
False
Is 51 a factor of 23963?
False
Is 4 a factor of 40412?
True
Is 2306 a multiple of 12?
False
Is 321 a multiple of 50?
False
Is 78 a multiple of 19?
False
Is 4558 a multiple of 106?
True
Is 40632 a multiple of 36?
False
Does 10 divide 145730?
True
Does 30 divide 13360?
False
Is 108 a factor of 33480?
True
Is 10375 a multiple of 31?
False
Is 44634 a multiple of 129?
True
Does 12 divide 62720?
False
Is 10 a factor of 229?
False
Is 2015 a multiple of 44?
False
Does 108 divide 6804?
True
Is 5429 a multiple of 61?
True
Is 2 a factor of 5?
False
Is 60 a factor of 7701?
False
Is 12989 a multiple of 42?
False
Is 2137 a multiple of 29?
False
Is 213 a multiple of 3?
True
Is 5922 a multiple of 126?
True
Is 24 a factor of 1230?
False
Is 6 a factor of 8802?
True
Does 81 divide 324?
True
Is 9971 a multiple of 23?
False
Is 7191 a m